(-6) + 222/4. Calculate the greatest common divisor of m and n.
5
Let a = 500 - -94. What is the greatest common divisor of 54 and a?
54
Let g = 27 - -73. Let c = -89 + g. What is the highest common divisor of 1 and c?
1
Let j(g) = -5*g**2 + 33*g + 12. Let x(w) = 6*w**2 - 34*w - 12. Let u(y) = 5*j(y) + 4*x(y). Let n be u(29). Calculate the greatest common divisor of 24 and n.
12
Let d(c) = -c + 8. Let y(v) = v - 9. Let n(k) = -7*d(k) - 6*y(k). Suppose -737*w = -735*w - 16. Let a be n(w). What is the greatest common factor of 9 and a?
3
Let m be (296/592)/((-1)/(-464)). Let k be ((-4)/2)/4*-58. Calculate the highest common factor of m and k.
29
Let g be 10/2 + 48/(-48). What is the greatest common divisor of 6 and g?
2
Let i(b) = -8*b + 3 + 0 - 2*b**3 + 0*b**2 + 10*b - 2*b**2. Let t be i(-4). What is the highest common factor of 13 and t?
13
Suppose 3*u + 156 = 7*u. Let t = u - 33. What is the greatest common factor of t and 6?
6
Suppose 0 = n + 2*n + 12, 142 = p - n. What is the highest common divisor of 230 and p?
46
Let c(i) be the first derivative of -i**4/4 - 13*i**3/3 - 2*i**2 - 14*i - 9. Let a be c(-13). What is the highest common factor of a and 38?
38
Suppose -5*t + 2*w + 150 = 0, -120 = -0*t - 4*t - w. Suppose 6*l + 14*l - 2400 = 0. What is the greatest common divisor of l and t?
30
Let p(a) = -a - 3. Let i be p(-7). Suppose -5*z - i = b - 4*b, -2*b + 2 = -4*z. Suppose m = 2*m - z. Calculate the greatest common divisor of m and 1.
1
Suppose g + g - 2978 = -3*l, 2*l = 4*g + 1980. What is the greatest common divisor of l and 31?
31
Suppose -2*b + 6*b - 68 = 0. Suppose b + 34 = -3*w. Let s = w + 28. Calculate the highest common factor of s and 88.
11
Let x = -6515 - -6518. Let g(s) = s**2 - s. Let v(b) = b**2 - 6*b + 6. Let d be v(4). Let i be g(d). Calculate the greatest common factor of x and i.
3
Let f(o) = o**2 - 49*o + 640. Let p be f(29). Let y(v) = 10*v**2 - v + 2. Let s be y(2). What is the greatest common divisor of p and s?
20
Suppose -45 + 52 = d. Calculate the highest common factor of d and 7.
7
Let y be (775/93)/((-5)/(-45)). What is the highest common divisor of y and 885?
15
Suppose 2*v - 35 + 11 = 0. Let r(d) = -d**2 - d. Let l be r(-1). Suppose -6*y - y + 420 = l. What is the highest common factor of y and v?
12
Suppose 1180*h - 1185*h + 340 = 0. Calculate the greatest common divisor of h and 8.
4
Let w(p) = 3*p + 246. Let n be w(-24). Calculate the greatest common divisor of 58 and n.
58
Let f(k) = 2*k**3 - 5*k**2 - 3*k - 4. Let p be f(3). Let d be -1 + (-88)/p - 1. What is the highest common factor of d and 180?
20
Suppose 0 = -56*u + 52 + 564. Calculate the greatest common factor of 3443 and u.
11
Suppose 8700 = -1154*h + 1160*h. What is the highest common divisor of h and 58?
58
Suppose -3*x + 2*x = -341. Let z(m) = -140*m + 3. Let i be z(-1). Suppose 2*j - b = 62, 4*j - i = -2*b - 19. What is the highest common factor of j and x?
31
Let u be 4 - (-11 - (8 + -7)). What is the greatest common divisor of 1552 and u?
16
Suppose -28*w = -24*w - 36. Suppose 0 = -5*k - 0*k + 120. Let d = -23 + k. Calculate the highest common divisor of d and w.
1
Let q be (-2 + -1)*(-82)/(-6). Let h = 93 + q. Suppose x - 6 = t + 20, -h = -2*x - 4*t. What is the greatest common factor of 234 and x?
26
Suppose -4*d - 4*b + 149 = -179, -5*b = 3*d - 240. Calculate the highest common factor of d and 10.
5
Suppose -n = 3*n - 1112. Let k be -3*4/30*(-2 - n). What is the highest common divisor of 16 and k?
16
Suppose 14*f - 19*f + 2*z = -1051, -f + 218 = -3*z. What is the highest common divisor of 11 and f?
11
Suppose -5*i + 30 = n, 7*n + 3*i - 54 = 4*n. Suppose 0*s = s - n. Let m be s - (-5)/(5/3). Calculate the greatest common factor of m and 9.
9
Let j = 17 + -14. Suppose -10 = 2*q, -j*i - 2*q + 0*q = 40. Let n be i/(-35) + 397/7. What is the greatest common divisor of 38 and n?
19
Let k(w) = -10*w - 5. Let f be k(13). Let s = f - -240. Calculate the greatest common factor of s and 15.
15
Let h be 28/8 + 6/12. Suppose 2*m + 5*f = 16, 6*m - 3*m = -h*f + 38. Suppose -3*p - 2*i = p - 22, i + 1 = 0. Calculate the highest common divisor of p and m.
6
Suppose -4*a = 12*a - 2688. Calculate the highest common divisor of a and 63.
21
Suppose -21 - 47 = q - 2*b, 0 = -q - 5*b - 54. Let p be (34/(-8) - -2)/(4/q). What is the highest common factor of 324 and p?
36
Let z = 64 - 52. Let d be 18/(-15)*(-160)/2. Calculate the greatest common factor of z and d.
12
Let c(v) = -v**3 - 9*v**2 + 12*v - 30. Let f be c(-11). What is the greatest common factor of 360 and f?
40
Let x = -156 - -159. Let t = 8 + -5. Suppose -a = t*a - 48. What is the highest common divisor of x and a?
3
Let t be (6/(-4))/((-15)/(-20)). Let h be 4/t - (-37 - -1). Let v = 101 + h. Calculate the greatest common factor of v and 15.
15
Suppose 3*q + 3*v - 132 = 0, -4*v + 152 + 72 = 5*q. Suppose 4*w - 229 - 91 = 0. What is the highest common divisor of w and q?
16
Suppose -c + 4 = -0*c. Suppose 0 = -4*w - c, j - 11 = -3*w - 0. Let g = j - -7. What is the highest common factor of 14 and g?
7
Let q(r) = 6*r**3 - 3*r**2 + 2*r - 5. Let b be q(3). Calculate the greatest common factor of 17 and b.
17
Let u = 35 - 35. Suppose 6*g - 12*g + 96 = u. Let r = 21 - g. What is the highest common factor of r and 45?
5
Suppose 0 = 2*a - 795 - 2131. Suppose -2*k - 5*r + 1503 = 0, -2*r - r - a = -2*k. Suppose 0 = -3*c - 79 + k. Calculate the highest common divisor of 20 and c.
20
Let k be ((-2)/4)/(3/(-132)). Let g(d) = 2*d**3 - 11*d**2 - 7*d + 8. Let v be g(6). What is the greatest common factor of k and v?
2
Let a(f) = -86*f + 4. Let q be a(-1). Let z be (-4)/20 - (-1 + 184/(-20)). Calculate the greatest common factor of q and z.
10
Suppose -2*v + 13 = 33. Let p(m) = 2*m + 21. Let a be p(v). Calculate the highest common factor of a and 9.
1
Let s = 61 + -23. Let g(t) = 19*t**3 - t**2 - 2*t - 1. Let n be g(-1). Let q = n - -38. Calculate the highest common factor of s and q.
19
Let s be 0/3 + 2 + -2 + 17. Suppose -s*l = -6*l - 528. What is the highest common divisor of l and 6?
6
Suppose -8*k + 18 + 46 = 0. Let r = 171 + -83. What is the greatest common divisor of k and r?
8
Suppose 2*t + 51 = 5*x - 0*t, 3*t = -9. Let z = 1722 + -1677. Calculate the greatest common divisor of z and x.
9
Suppose 0 = -703*u + 699*u + 4. Suppose 6*o + 3*g = 3*o + 18, 4*o + 3*g - 29 = 0. Calculate the greatest common factor of u and o.
1
Suppose 0 = 4*b - 381 + 93. Let k be (b/(-5))/((-21)/280). Let y be (-4)/(8/(-6)) - -21. Calculate the greatest common divisor of y and k.
24
Let x be ((-24)/132 - (-20)/(-11)) + 56. What is the highest common factor of 450 and x?
18
Let x(s) = s**2 + 4*s + 1. Let c be x(-3). Let v be (((-30)/12)/5)/(c/32). What is the greatest common divisor of v and 20?
4
Let x = -1752 + 1753. Let v be (-1 + -1)/((-4)/14). What is the highest common factor of x and v?
1
Suppose 5*h + 11 = 11. Let x be h - (144/(-56) + (-6)/14). What is the highest common divisor of x and 2?
1
Let i(w) = 29*w**3 - 2*w**2 - w + 2. Suppose 27 = h - 5*o, h = 6*h + 2*o. Let k be i(h). Let u = 96 + -68. Calculate the greatest common divisor of u and k.
28
Let c(f) = -3*f**2 - 98*f - 20. Let r be c(-26). What is the highest common divisor of 40 and r?
20
Let m = 855 + 14. What is the greatest common factor of m and 79?
79
Suppose -b + 5*d = -4 - 35, -2*b - d + 23 = 0. Let w = b - 11. Suppose -2 = -4*c + w*j, 0 = 2*c + 3*j + 1 - 11. Calculate the highest common factor of c and 4.
2
Let l(o) = -o**3 - 31*o**2 - 30*o + 64. Let q be l(-30). Calculate the greatest common factor of q and 40.
8
Let i(l) = -3*l + 28. Let v be i(12). Let h be 142/v - (-5)/(-20). Let s = 28 + h. What is the greatest common divisor of s and 90?
10
Let c(y) = -18*y - 31. Let p be c(-6). Suppose -86 - p = -3*d - w, 0 = -3*d - 5*w + 143. What is the greatest common factor of d and 8?
8
Let n = -298 + 310. Suppose -3*v + 4*v + 8 = 5*r, -2*v + 8 = 2*r. Suppose v*h - 12 = -0*h. What is the highest common factor of h and n?
6
Let t(m) = -13*m - 1. Let c be t(-6). Let s be -7 - (-10 - 3) - -5. Calculate the greatest common divisor of c and s.
11
Let l = 3 + -5. Let q be 1/l - (-29)/2. Let h be (-4260)/(-38) - (-30)/(-285). Calculate the greatest common divisor of h a